test common factor of a and 48?
12
Suppose 0 = -2*c - 4*g + 926 - 106, 0 = -2*c - g + 832. What is the highest common divisor of 19 and c?
19
Suppose -105 = 44*k - 49*k. Let i be (-1 + 1)/2 - -33. Let v = i - k. What is the greatest common divisor of 12 and v?
12
Suppose -2*s + 20 = -316. Let m(n) = 3*n - 3. Let a be m(8). What is the greatest common factor of a and s?
21
Let m(s) be the third derivative of 47*s**4/8 - s**3/6 + s**2. Let o = -10 - -11. Let b be m(o). What is the highest common divisor of 20 and b?
20
Suppose -2044 - 248 = -4*h. Let l = h - 261. Calculate the greatest common divisor of 39 and l.
39
Let y = -687 - -680. Let w = 0 + 1. Let u be w + -2 - (4 + y). Calculate the greatest common divisor of 18 and u.
2
Let o be (-1)/(2/(-1 - 59)). Suppose 286 = 3*b - 2*b + 4*t, b - 4*t = 254. Calculate the highest common factor of o and b.
30
Let f be (-90 - 2)*20/(-5). What is the greatest common factor of 16 and f?
16
Let b be (3 + 1 - 4 - -5)*1. Suppose -v + 13 = 5*u, -5*u + 0*u - 185 = -b*v. Calculate the greatest common factor of 363 and v.
33
Let p = -162 - -111. Let m = -33 - p. Calculate the greatest common divisor of 45 and m.
9
Let m(v) = v + 1. Let u(p) = 23*p**2 + 6*p + 7. Let l(n) = -6*m(n) + u(n). Let c be l(1). Let b be (-1 + 11)*60/c. What is the highest common factor of 5 and b?
5
Let i be 2/((20 - 9)/968). Calculate the highest common factor of i and 33.
11
Suppose -28 = x - 34. Suppose 0 = -o + 13 + 12. Suppose -o = -2*z - 7. Calculate the highest common factor of x and z.
3
Let r = 90 - 85. Suppose -3*o = -5 - 1, 39 = j - 3*o. Calculate the greatest common divisor of j and r.
5
Suppose 64 = 5*a + 39. Suppose -40 = -a*r - 5*r. Calculate the greatest common factor of 14 and r.
2
Let g(r) = -15 - 18*r - r**2 - 3*r - 39. Let l be g(-11). Let y(u) = 4*u + 2. Let i be y(3). Calculate the highest common divisor of i and l.
14
Let t be 31/(-93) + (-662)/(-6). Suppose -3*a + 3*w = -495, 3*a + 194 = -4*w + 689. What is the highest common divisor of a and t?
55
Suppose -8*i = -4*i - 140. What is the greatest common factor of 14 and i?
7
Let d = 193 + -145. What is the highest common factor of 16 and d?
16
Suppose 0 = 7*d + 166 - 278. What is the highest common factor of d and 16?
16
Suppose 41*l = 470 + 1006. Suppose -p + 0*p = 5*j - 49, p = 3*j + 57. Calculate the greatest common divisor of l and p.
18
Let c = 204 + 286. What is the greatest common divisor of c and 70?
70
Suppose 5*h - 5 = 20. Let t(m) = 2*m - 6. Let j be t(h). Suppose -2*a - u = -0*u - 8, j*u - 12 = -4*a. What is the highest common divisor of a and 25?
5
Let l(v) = -14*v**3 + 2*v**2 + 4*v + 4. Let a be l(-1). Calculate the greatest common factor of a and 144.
16
Let m(i) = i**3 - 7*i**2 + i + 4. Let a be m(7). Let p = -26 - -26. Let x be 55 - p/((-2)/3*3). What is the highest common factor of x and a?
11
Let i(o) = o**3 + 5*o**2 + 3*o + 2. Let h be i(-3). Suppose h = -c + 29. Calculate the greatest common factor of c and 9.
9
Let q be (-17)/2*(-18)/3. Suppose b + 0*b - q = 0. What is the highest common factor of b and 17?
17
Let r = 9 - -4. Suppose -570 = -314*s - 740 + 8334. What is the highest common divisor of s and r?
13
Suppose -3*r + 244 = 4*b, 4*b + 0*r = 5*r + 212. Let g be (-2 + 6 + -14)*58/(-4). What is the highest common factor of g and b?
29
Suppose -5*u + 10 = -0, 156 = 2*m + 3*u. Suppose -y = -3*y - 3*t + 50, -3*y + 4*t = -m. What is the highest common factor of 50 and y?
25
Let m be (84/(-35))/(3*3/(-300)). Calculate the greatest common factor of m and 4.
4
Let v(y) = y**3 + 3*y - 1. Let o be v(2). Let h be o - 12 - (-13)/1. Calculate the highest common factor of h and 14.
14
Suppose w = 3*w - 12. Let b(x) = x**2 - 5*x + 5. Let n be b(w). Suppose i - 3*i = -d - 173, -4*d - 76 = -i. Calculate the highest common factor of n and i.
11
Let h be (-4)/(-10) - (-2736)/60. Suppose -2*v - s + h = 0, v + 4*v + 4*s - 112 = 0. Calculate the highest common factor of 16 and v.
8
Let b = -10 + 4. Let z(u) = u + 6. Let o be z(b). Suppose o = -a + 39 - 6. What is the highest common factor of 3 and a?
3
Let k(s) = -s - 13. Let u be k(-13). Suppose f = -u*f + 7. Let y = -4 + f. What is the greatest common divisor of 3 and y?
3
Suppose 2*i - 3*u - 110 = 0, 2*u = -2*u + 16. Let q = -41 + i. What is the highest common divisor of q and 180?
20
Suppose 5*b = -3*u + 147, -3*b = -8*b - 5*u + 155. What is the highest common divisor of 351 and b?
27
Suppose 0 = -2*a - t + 2, -5*t + 3*t - 4 = 0. Suppose a*w - 2*m = 218, 4*w + 5*m - 397 + 6 = 0. Calculate the greatest common divisor of w and 13.
13
Let c(i) = -11*i + 96. Let f be c(8). Let a(k) = -2*k**3 - 6*k**2 - 3*k - 4. Let l = -2 - 2. Let z be a(l). What is the greatest common factor of f and z?
8
Suppose 20 = -4*n, m - 2*m - 3 = 3*n. Let k(s) = -33 + 3*s + 66 - 35 - 2*s. Let i be k(6). Calculate the greatest common factor of m and i.
4
Let v be -3*3/(-9) - (-3 + 0). Suppose -4*u - 8 = v*p - 32, 2 = 5*p - 2*u. What is the greatest common divisor of 26 and p?
2
Suppose 6 = -5*d + 1, -5*v + 65 = 5*d. Let u = -151 - 24. Let y = u - -301. Calculate the greatest common divisor of v and y.
14
Suppose -3*d + 4*q - 656 + 1937 = 0, 4*q + 12 = 0. Calculate the greatest common divisor of d and 188.
47
Suppose -115 = -5*s - 5*m, 0*m = 3*s + 4*m - 72. Suppose -2*h = 2*h - 240. Calculate the greatest common factor of h and s.
20
Suppose -14 = -3*w + 40. Let v be (-41)/(-2) - 9/w. Let p(z) = -z**2 + 12*z + 13. Let r be p(9). Calculate the greatest common divisor of v and r.
20
Let t be (-48)/(-6)*(-4)/((-16)/1022). What is the highest common divisor of t and 28?
28
Suppose 0*x - 4*x + 2*n - 206 = 0, -5*x - 4*n - 225 = 0. Let o = -79 - x. Let h be 6/o + 378/15. What is the highest common divisor of h and 125?
25
Suppose -222 = -6*i - 6. Calculate the greatest common divisor of i and 315.
9
Suppose 21 = 19*x + 2. Let c = -2 + 2. Let i be -1*(c + (-4 - -2)). Calculate the greatest common divisor of i and x.
1
Suppose 2*u + 3*w - 22 = 2, -5*w + 44 = 4*u. Let b(t) = -2*t + 7. Let y be b(u). Let o be (-282)/y - 32/80. What is the highest common divisor of 8 and o?
8
Suppose -w = 45 + 11. Let p = -49 - w. What is the greatest common factor of 161 and p?
7
Let h be (-1251)/(-54) + 3/(-18). Calculate the greatest common factor of 69 and h.
23
Suppose 0 = i + 3*m + 7, -3*i - m = -18 + 7. Suppose -16 = -4*a + 4*p, 2*p - 7*p = i*a. Let b be -12*(-1 - a/6). What is the highest common divisor of 80 and b?
16
Let z be ((-27)/(-6) - 5)*0. Suppose z = u - 5*c - 17, 0*u - 4*u = -2*c - 50. Let n be 6*21*18/21. What is the highest common factor of u and n?
12
Suppose -s = -2 - 1. Suppose s*c - 10 = -2*c. Suppose 450 = 5*h + 5*u, -h - 89 = -c*h - 2*u. Calculate the highest common factor of h and 13.
13
Suppose 3*y - 6*y + 1185 = 0. Calculate the greatest common divisor of 5 and y.
5
Let y(d) = d**3 + 11*d**2 + 8*d - 12. Let w be y(-10). Let b(c) = -c**3 + 7*c**2 + 12*c - 11. Let o be b(w). Calculate the greatest common factor of o and 21.
21
Let t be 4 - (2/15 - -488*(-2)/120). Let j be 668/14 - 4/(-14). Calculate the greatest common divisor of t and j.
12
Suppose 2*j = 4 - 0. Let r(w) = 4*w + 29. Let f be r(6). Let h = -37 + f. What is the greatest common factor of j and h?
2
Suppose -6*o + 4*f + 149 = -3*o, -3*f = 6. What is the greatest common divisor of o and 47?
47
Let j(n) = 24*n - 9. Let l(m) = 25*m - 10. Let b(u) = 6*j(u) - 5*l(u). Let p be b(4). Calculate the greatest common divisor of p and 8.
8
Suppose -5*w - 4*j = -167, -5*w + 48 + 95 = -4*j. Calculate the highest common divisor of 155 and w.
31
Let t(b) = -169*b - 14. Let p be t(-2). What is the highest common divisor of p and 12?
12
Let t(f) = 2*f + 5. Let s be t(-8). Let r be (-2)/s + 1672/121. Calculate the greatest common factor of 126 and r.
14
Let m = 28 + -20. Suppose -2*h - d = -162, -2*h = 4*d - m*d - 152. Let f(b) = -2*b - 10. Let g be f(-13). Calculate the highest common factor of g and h.
16
Suppose -2*r - 54 = -3*l, 50 = r + 44. Let w be -44*((-6)/4)/3. Calculate the greatest common factor of w and l.
22
Suppose 0 = -16*c + 244 + 316. What is the highest common divisor of c and 49?
7
Let i = 711 + -630. Suppose -108 = -2*x - 0*x. Calculate the highest common factor of x a